d by 148?
145
Calculate the remainder when 3676408 is divided by 30.
28
Calculate the remainder when 77911 is divided by 627.
163
What is the remainder when 23056 is divided by 2095?
11
What is the remainder when 5035 is divided by 5022?
13
Calculate the remainder when 62117 is divided by 102.
101
Calculate the remainder when 46820 is divided by 19.
4
What is the remainder when 15003 is divided by 170?
43
Calculate the remainder when 223283 is divided by 24808.
11
What is the remainder when 747 is divided by 286?
175
What is the remainder when 126504 is divided by 42160?
24
What is the remainder when 257594 is divided by 22?
18
Calculate the remainder when 195524 is divided by 78.
56
What is the remainder when 261274 is divided by 167?
86
What is the remainder when 4966 is divided by 46?
44
Calculate the remainder when 13079 is divided by 3267.
11
What is the remainder when 935294 is divided by 23?
22
What is the remainder when 14169 is divided by 218?
217
Calculate the remainder when 867769 is divided by 499.
8
What is the remainder when 619673 is divided by 619660?
13
What is the remainder when 26386 is divided by 45?
16
Calculate the remainder when 34675 is divided by 17285.
105
What is the remainder when 1478 is divided by 303?
266
What is the remainder when 20339 is divided by 1560?
59
What is the remainder when 25324 is divided by 63?
61
Calculate the remainder when 117486 is divided by 249.
207
What is the remainder when 2891 is divided by 1245?
401
What is the remainder when 63941 is divided by 114?
101
What is the remainder when 42018 is divided by 21002?
14
What is the remainder when 321695 is divided by 230?
155
Calculate the remainder when 5692 is divided by 5585.
107
What is the remainder when 864 is divided by 86?
4
What is the remainder when 17562 is divided by 118?
98
What is the remainder when 5244 is divided by 9?
6
What is the remainder when 1177 is divided by 284?
41
Calculate the remainder when 497149 is divided by 27.
25
What is the remainder when 9220 is divided by 168?
148
Calculate the remainder when 28632 is divided by 163.
107
What is the remainder when 126836 is divided by 28?
24
Calculate the remainder when 228 is divided by 13.
7
Calculate the remainder when 36276 is divided by 78.
6
Calculate the remainder when 31558 is divided by 8.
6
What is the remainder when 10813 is divided by 2693?
41
Calculate the remainder when 9788 is divided by 1387.
79
What is the remainder when 455583 is divided by 58?
51
What is the remainder when 57570 is divided by 975?
45
Calculate the remainder when 5766 is divided by 949.
72
What is the remainder when 7988 is divided by 230?
168
Calculate the remainder when 8928 is divided by 4428.
72
What is the remainder when 133400 is divided by 53?
52
What is the remainder when 345469 is divided by 179?
178
Calculate the remainder when 73197 is divided by 18299.
1
What is the remainder when 47764 is divided by 2274?
10
What is the remainder when 3645 is divided by 611?
590
Calculate the remainder when 2210 is divided by 6.
2
Calculate the remainder when 261 is divided by 57.
33
Calculate the remainder when 1826 is divided by 131.
123
Calculate the remainder when 23828 is divided by 34.
28
What is the remainder when 19455 is divided by 2244?
1503
Calculate the remainder when 704 is divided by 603.
101
What is the remainder when 12415 is divided by 226?
211
Calculate the remainder when 445991 is divided by 426.
395
Calculate the remainder when 17030 is divided by 126.
20
Calculate the remainder when 24678 is divided by 39.
30
What is the remainder when 339686 is divided by 169?
165
Calculate the remainder when 2677425 is divided by 26.
23
What is the remainder when 62240 is divided by 15558?
8
What is the remainder when 904073 is divided by 3?
2
Calculate the remainder when 31600 is divided by 71.
5
What is the remainder when 7061 is divided by 124?
117
Calculate the remainder when 729438 is divided by 53.
52
What is the remainder when 6640 is divided by 971?
814
Calculate the remainder when 51546 is divided by 135.
111
What is the remainder when 25744 is divided by 8574?
22
Calculate the remainder when 1210 is divided by 328.
226
What is the remainder when 3813 is divided by 8?
5
What is the remainder when 388688 is divided by 354?
350
What is the remainder when 187184 is divided by 490?
4
What is the remainder when 4104807 is divided by 9?
6
Calculate the remainder when 369284 is divided by 300.
284
What is the remainder when 966330 is divided by 14?
8
What is the remainder when 76517 is divided by 202?
161
What is the remainder when 1380 is divided by 307?
152
Calculate the remainder when 224963 is divided by 54.
53
Calculate the remainder when 5237547 is divided by 1854.
1851
Calculate the remainder when 614 is divided by 138.
62
Calculate the remainder when 7266 is divided by 316.
314
What is the remainder when 203512 is divided by 109?
9
What is the remainder when 604798 is divided by 384?
382
What is the remainder when 2847 is divided by 511?
292
What is the remainder when 5634 is divided by 2261?
1112
What is the remainder when 5836 is divided by 13?
12
Calculate the remainder when 169882 is divided by 491.
487
What is the remainder when 1031 is divided by 14?
9
What is the remainder when 3031 is divided by 31?
24
What is the remainder when 77385 is divided by 798?
777
Calculate the remainder when 10185 is divided by 320.
265
Calculate the remainder when 1313935 is divided by 58.
3
What is the remainder when 7651 is divided by 2549?
4
Calculate the remainder when 3236 is divided by 95.
6
Calculate the remainder when 51825 is divided by 1524.
9
Calculate the remainder when 249287 is divided by 89.
87
What is the remainder when 9699 is divided by 58?
13
Calculate the remainder when 33327 is divided by 2777.
3
Calculate the remainder when 4840 is divided by 6.
4
Calculate the remainder when 135780 is divided by 1400.
1380
What is the remainder when 124543 is divided by 69?
67
What is the remainder when 46142 is divided by 14?
12
Calculate the remainder when 7462 is divided by 533.
0
What is the remainder when 122222 is divided by 49?
16
What is the remainder when 13942 is divided by 264?
214
What is the remainder when 21180 is divided by 63?
12
What is the remainder when 81083 is divided by 69?
8
Calculate the remainder when 4227 is divided by 476.
419
Calculate the remainder when 4540 is divided by 725.
190
Calculate the remainder when 138627 is divided by 6.
3
Calculate the remainder when 1478 is divided by 684.
110
Calculate the remainder when 60315 is divided by 40.
35
Calculate the remainder when 14509 is divided by 207.
19
What is the remainder when 46370 is divided by 130?
90
Calculate the remainder when 4394 is divided by 16.
10
What is the remainder when 135288 is divided by 57?
27
Calculate the remainder when 19607 is divided by 31.
15
What is the remainder when 29477 is divided by 14735?
7
Calculate the remainder when 136243 is divided by 783.
1
What is the remainder when 16450 is divided by 2056?
2
What is the remainder when 63407 is divided by 382?
377
What is the remainder when 45383 is divided by 15098?
89
Calculate the remainder when 16999 is divided by 304.
279
Calculate the remainder when 6779 is divided by 617.
609
Calculate the remainder when 5734 is divided by 1089.
289
What is the remainder when 8396 is divided by 8084?
312
Calculate the remainder when 3297 is divided by 479.
423
Calculate the remainder when 19525 is divided by 2739.
352
What is the remainder when 311272 is divided by 2008?
32
Calculate the remainder when 63901 is divided by 193.
18
What is the remainder when 687 is divided by 67?
17
Calculate the remainder when 6337 is divided by 111.
10
What is the remainder when 4167 is divided by 28?
23
Calculate the remainder when 83777 is divided by 261.
257
What is the remainder when 1662 is divided by 1660?
2
What is the remainder when 2850 is divided by 732?
654
What is the remainder when 6310 is divided by 21?
10
What is the remainder when 14217728 is divided by 17?
16
Calculate the remainder when 138460 is divided by 47.
45
What is the remainder when 15574 is divided by 33?
31
Calculate the remainder when 360 is divided by 40.
0
What is the remainder 